+ 1077 + 46 = t, -c*t - 1890 = -5*f. Calculate the remainder when f is divided by 9.
7
Let k(z) = -39*z - 7. Let f be k(-3). Calculate the remainder when 1*2 + f/8*4 is divided by 6*(-5)/(-3)*2.
17
Let f = 8792 - 8651. Calculate the remainder when 1824 is divided by f.
132
Let f(i) = -19*i + 345. Suppose 4*n + 4*v - 56 = 0, 0 = 2*n + 3*v - 12 - 13. What is the remainder when f(n) is divided by 3?
1
Suppose -4*y - 2*j - 84 = 0, 98 = -5*y - 3*j + 4*j. What is the remainder when (304/y)/(6/(-60)) is divided by 31?
28
Suppose -81*v = 1429 - 13498. Let w(o) = -o**3 - 4*o**2 - 4*o - 5. Calculate the remainder when v is divided by w(-4).
6
Let u = 13230 + -11320. Calculate the remainder when u is divided by 633.
11
Let u = 1204 - 1093. Calculate the remainder when 420 is divided by u.
87
What is the remainder when 298 is divided by ((9/3)/(-3))/(1/(-149))?
0
Let k(d) = -6456*d**3 + d**2 - 1. Let l be k(1). Let j(b) = 78*b - 310. Let t be j(4). What is the remainder when 88 is divided by l/(-144) + t/12?
43
Let f(k) = k**2 - 3*k + 4. Calculate the remainder when -6 - 13508/(-572)*13 is divided by f(3).
1
Suppose 88*u - 99*u + 16478 = 0. What is the remainder when u is divided by 75?
73
Suppose -2*s + 27 + 7 = 0. Suppose -5*u + 474 = -1401. Let h = 493 - u. What is the remainder when h is divided by s?
16
Suppose -3*w - 11 = -5*o - 6, -5*w = o + 27. Calculate the remainder when 8*((-21)/w + 4/5) is divided by 16.
8
Suppose -4*y = -3*o + 892, 129*o - 131*o = 2*y - 562. Calculate the remainder when 1153 is divided by o.
1
Let r be (-1 + 2 + -6)*-5. Let k = 42 - r. What is the remainder when (-2)/((-3)/45 - 0) is divided by k?
13
Calculate the remainder when 36064/308 - (-1)/(-11) is divided by 34.
15
Suppose -11 = -y - 13. Let n be ((-70)/15)/(y/6). Calculate the remainder when ((-469)/n)/((-1)/2) is divided by 35.
32
What is the remainder when 558 is divided by (-152)/(-1) - (39 + -32)?
123
Let j(p) = -3*p**3 + 4*p**2 + 6*p + 2. Calculate the remainder when 268 is divided by j(-2).
28
Let y(v) = 3 + v**3 - 6*v + 4*v - 6*v - 2*v**2. Let l be y(4). Suppose c + 2*i = -0*c + 15, l*i = c + 5. Calculate the remainder when 25 is divided by c.
4
Let q(w) = -w**2 + 3*w - 2*w + 61 - 55. Let p be q(-6). Let g = p - -45. Calculate the remainder when 42 is divided by g.
6
Let n(f) = -5*f**3 - 7*f**2 + 38*f + 184. What is the remainder when n(-7) is divided by 319?
14
Let h = -1718 + 1731. Calculate the remainder when 155 is divided by h.
12
Suppose 54*n - 101906 = -42776. Suppose -2*b = b - 4*d - 41, -5*b + d + 91 = 0. What is the remainder when ((-10)/(-15))/(10/n) is divided by b?
16
Suppose 5*h - 4*h + 3*x + 7 = 0, 3*h + 5*x + 9 = 0. Let s(c) = c**2 - 55 + h*c + 4*c + 10 + 0*c. What is the remainder when 186 is divided by s(6)?
24
Let b = -167 + 169. Suppose -4*j = b*u - 74, -9*j + 5*j + 128 = 4*u. Calculate the remainder when u is divided by 7.
6
What is the remainder when 38308 is divided by (-40)/300 - (-4925)/375?
10
Let r(w) = 5*w**2 - 14*w + 2. Suppose -4*v - 6 = -2*a, 3*a - 7 = -0*v + 4*v. Let o be 6 - 9 - 9/v. Calculate the remainder when r(o) is divided by 26.
20
Let m(l) = 14*l**2 + 3*l**3 + 23*l + 14*l - 2*l**3 - 36*l + 24. Calculate the remainder when 20 is divided by m(-14).
0
Let b = 114 - -72. Let m be -2 - (b/(-15) + 2/5). Suppose m*y = 5*y + 45. What is the remainder when y is divided by 6?
3
Let h(i) = -5*i**3 + 4*i**2 - i - 14. Let z be 36/(-16) + (-15)/20. What is the remainder when h(z) is divided by 40?
0
What is the remainder when 11328/516 - (-40)/860 is divided by (-1 - 0) + (10 - -2)?
0
Suppose -30 = 6*c - 96. Let j(b) = b**3 - 14*b**2 + 43*b - 21. What is the remainder when j(c) is divided by 31?
27
Let s = 65913 - 42858. What is the remainder when s is divided by 11?
10
Let z be 0 - 0 - (-1 - -444). Let k be z/(-7) - 36/126. Let p = 125 - k. What is the remainder when p is divided by 9?
8
Let x = -176 - -178. Suppose x = t, -3*n + 6*t - 5*t = -40. Calculate the remainder when n is divided by (4 + -2)/(2/3).
2
Suppose -16*q - 212*q = -6*q - 9768. Calculate the remainder when 2151 is divided by q.
39
Suppose -a + 2*p - 4 = 0, -4*a + p - 24 = -8. Let w(k) = -3*k - 12. Let h be w(-5). What is the remainder when 118 is divided by h*(a + 3) - -43?
38
Suppose -13*w = 21*w - 251 + 13. What is the remainder when w is divided by 6?
1
Let r(f) be the second derivative of f**4/4 + 8*f**3/3 + f**2/2 - 19*f. Let m be r(-5). What is the remainder when 37 is divided by -1*(-99)/6*m/(-6)?
4
Suppose 2*y - 343 = -v + 254, -4*y + 1206 = -2*v. Calculate the remainder when y is divided by 171.
129
Let p = 44562 + -44552. Suppose 290 = -2*a + 7*a. What is the remainder when a is divided by p?
8
Suppose -3*s + 95 = y - 10, 0 = 2*y - 3*s - 192. Calculate the remainder when 884 is divided by y.
92
Suppose -15*y - 1384 = 491. Let c = y + 98. Let x = c + 42. Calculate the remainder when 37 is divided by x.
7
Suppose -3*n = -5*s - 16, 3*s - 2*s = 5*n - 34. Let t(g) = 16*g + 96. What is the remainder when t(n) is divided by 30?
28
Suppose -13*u - u + 3640 = -7*u. Calculate the remainder when 1561 is divided by u.
1
Suppose -4*k + f - 171 = 187, -5*k + 3*f = 451. Let n = k + 91. What is the remainder when 131 is divided by 0 - -47 - (n + 1)?
43
Let c = -7352 - -7592. What is the remainder when 500 is divided by c?
20
Let m = -8834 - -9317. Calculate the remainder when m is divided by 186.
111
Let z(n) = 57*n**2 - 100*n + 44. What is the remainder when 3883 is divided by z(2)?
67
What is the remainder when (-2684)/(-18) + 60/216*(-34)/85 is divided by (-70)/3*30/(-20)?
9
Suppose 1710 = 5*l - 2*z + 1034, 6 = -2*z. Suppose 0 = d + 2*u - 3*u - 34, 5*d - 3*u = 180. What is the remainder when l is divided by d?
17
Let l(h) = -26*h**3 - 17*h**2 + 25*h**3 - 16*h + 0*h + 19. Suppose m + 3*m = 444. Calculate the remainder when m is divided by l(-16).
16
Let u be ((-3)/(3/4))/(-1). Suppose 4*m + 4*r + 20 = 0, -u*r + 2*r - 10 = -3*m. Suppose m = 5*x - 4*x - 15. Calculate the remainder when 43 is divided by x.
13
Let i = -12 + 16. Suppose -4*k - i*t + 172 = 0, 38 = 4*k - 4*t - 126. What is the remainder when 166 is divided by k?
40
Suppose 0 = -134*v + 312820 + 214872. Calculate the remainder when v is divided by 54.
50
Let m = 18946 + -18908. What is the remainder when m is divided by 15?
8
Let g be 12 + -5*6/(-15). Suppose g + 30 = 2*i. Let b(v) = -v + 76. Calculate the remainder when 158 is divided by b(i).
50
Let c be (6 - (-8)/4) + 18/(-6). Suppose -23*a + 2052 = -c*a. Calculate the remainder when a is divided by 30.
24
Suppose 3*f - 11 - 4 = 0. Suppose -2*y - 2*b = 8, -4*y - 52 = -f*b + 9. Let n(h) = -10*h - 20. What is the remainder when n(y) is divided by 24?
22
Let o = -28 - -78. Let a(l) = 3*l**3 - 32*l**2 + 71*l - 38. Calculate the remainder when a(9) is divided by o.
46
Let h(z) = -2*z**2 - 144*z - 76. Let v = 94 - 4. Calculate the remainder when h(-66) is divided by v.
86
What is the remainder when 75 is divided by 1 + -8 - 13/((-143)/319)?
9
Suppose -4*q = 3*d - 102 - 129, 3*q - 2*d - 169 = 0. Let b be (1 - 2)*58 - 0. Let i = b + 87. Calculate the remainder when q is divided by i.
28
Let x = -10686 + 10703. What is the remainder when 97 is divided by x?
12
Suppose 21*q = 20*q + 4. Suppose -s + 79 = q*s - t, 0 = 2*t + 8. What is the remainder when 28 is divided by s?
13
Suppose 5*p - 141 = -g, 8*p - 6*p + 457 = 3*g. Calculate the remainder when g is divided by 7.
4
Calculate the remainder when 129 + (14 - 23) - (-4 - -6) is divided by 38.
4
Let w = -171 - -178. Suppose 54 = w*x - 261. Calculate the remainder when x is divided by 8.
5
Let w = -21999 + 22156. What is the remainder when 2975 is divided by w?
149
Suppose 4*a + 71 = -293. Let z = a + 95. Suppose k - z*k = 5*o - 89, o - 71 = -2*k. Calculate the remainder when k is divided by 21.
17
Suppose 5*w + 3*v - 414 = 46, 184 = 2*w + 4*v. Let n(h) = h**2 + 8*h. Let t be n(-7). What is the remainder when w is divided by (12/5)/(t/(-70))?
20
Suppose 96*i + 506 = 142*i. Let l(h) = 3*h**2 + 5*h - 6. What is the remainder when l(4) is divided by i?
7
What is the remainder when (-4)/(-18)*-12*((-40337)/22 - -11) is divided by 221?
219
Let r(y) = -5*y + 4 + 8*y + 4*y + 2. Suppose -14*m + 232 = -10*m. What is the remai